69?
23
Calculate the greatest common divisor of 214 and 57887.
107
Calculate the greatest common factor of 76 and 2375.
19
What is the highest common factor of 368 and 1610?
46
Calculate the highest common divisor of 201 and 469.
67
Calculate the highest common divisor of 275 and 33.
11
What is the highest common divisor of 47 and 47?
47
Calculate the greatest common factor of 103 and 1648.
103
What is the greatest common divisor of 100 and 45?
5
Calculate the highest common divisor of 53 and 24910.
53
Calculate the highest common factor of 68843 and 43.
43
What is the highest common divisor of 42 and 450?
6
What is the highest common factor of 162 and 567?
81
Calculate the greatest common divisor of 5291 and 111.
37
Calculate the greatest common divisor of 182 and 598.
26
Calculate the greatest common divisor of 1372 and 28.
28
Calculate the greatest common factor of 8 and 160.
8
What is the greatest common factor of 136 and 2108?
68
Calculate the highest common divisor of 49 and 3661.
7
Calculate the highest common factor of 640 and 18160.
80
What is the highest common divisor of 22 and 28171?
11
What is the highest common factor of 49 and 784?
49
Calculate the greatest common factor of 136 and 40.
8
What is the highest common factor of 75 and 25?
25
What is the greatest common factor of 724 and 108?
4
What is the greatest common divisor of 1854 and 1030?
206
Calculate the greatest common factor of 144 and 612.
36
What is the highest common factor of 2904 and 24?
24
What is the greatest common factor of 3160 and 40?
40
Calculate the highest common factor of 152 and 247.
19
What is the greatest common divisor of 133 and 57?
19
Calculate the highest common divisor of 75 and 24825.
75
Calculate the greatest common factor of 14 and 2534.
14
Calculate the highest common factor of 35 and 665.
35
What is the greatest common factor of 2616 and 12?
12
Calculate the highest common factor of 110 and 22.
22
What is the highest common factor of 456 and 40?
8
What is the highest common factor of 885 and 435?
15
What is the highest common divisor of 1 and 1?
1
What is the highest common factor of 171 and 19?
19
Calculate the greatest common factor of 452 and 16.
4
Calculate the greatest common divisor of 352 and 3696.
176
What is the greatest common divisor of 406 and 14?
14
Calculate the highest common divisor of 3 and 681.
3
What is the greatest common factor of 80 and 144?
16
Calculate the greatest common divisor of 1079 and 581.
83
Calculate the highest common factor of 152 and 532.
76
What is the greatest common factor of 8188 and 23?
23
What is the highest common factor of 36 and 396?
36
What is the highest common factor of 135 and 3945?
15
What is the greatest common divisor of 207 and 21045?
69
What is the highest common factor of 816 and 51?
51
Calculate the highest common factor of 192 and 640.
64
Calculate the highest common divisor of 213 and 3.
3
Calculate the highest common factor of 22 and 682.
22
Calculate the greatest common factor of 2 and 256.
2
What is the greatest common factor of 2812 and 148?
148
What is the greatest common factor of 25986 and 18?
6
Calculate the greatest common factor of 14 and 1246.
14
Calculate the highest common divisor of 1077 and 3.
3
Calculate the greatest common factor of 242 and 66.
22
Calculate the greatest common divisor of 7 and 2177.
7
Calculate the greatest common factor of 99 and 39501.
99
Calculate the highest common divisor of 56 and 84.
28
What is the highest common divisor of 26464 and 32?
32
Calculate the highest common factor of 1024 and 480.
32
Calculate the highest common divisor of 204 and 34.
34
Calculate the highest common factor of 18 and 1626.
6
Calculate the highest common divisor of 279 and 9.
9
Calculate the greatest common factor of 1779 and 24.
3
Calculate the highest common divisor of 39 and 624.
39
What is the highest common factor of 109 and 8?
1
What is the highest common factor of 289 and 34?
17
Calculate the highest common factor of 980 and 20.
20
What is the greatest common divisor of 26 and 140?
2
What is the highest common divisor of 399 and 609?
21
What is the greatest common factor of 20 and 10?
10
Calculate the greatest common divisor of 182 and 455.
91
What is the greatest common factor of 589 and 124?
31
Calculate the highest common factor of 93 and 155.
31
Calculate the greatest common factor of 71 and 4.
1
What is the highest common factor of 6890 and 39?
13
Calculate the greatest common divisor of 40 and 24.
8
Calculate the highest common divisor of 4880 and 80.
80
What is the greatest common divisor of 37 and 6?
1
What is the highest common divisor of 4 and 148?
4
Calculate the greatest common factor of 140 and 2191.
7
Calculate the greatest common factor of 7217 and 21.
7
What is the greatest common divisor of 110 and 2222?
22
Calculate the greatest common factor of 82 and 1394.
82
Calculate the greatest common factor of 48 and 25920.
48
What is the greatest common divisor of 474 and 9638?
158
What is the greatest common divisor of 224 and 574?
14
Calculate the greatest common factor of 882 and 828.
18
Calculate the highest common factor of 37 and 5291.
37
Calculate the greatest common divisor of 2338 and 14.
14
Calculate the greatest common divisor of 433 and 1.
1
Calculate the highest common factor of 1440 and 380.
20
Calculate the highest common divisor of 731 and 645.
43
Calculate the greatest common factor of 24 and 40.
8
Calculate the highest common divisor of 152 and 59128.
152
What is the greatest common factor of 27 and 4?
1
What is the greatest common divisor of 26 and 2470?
26
What is the highest common factor of 72 and 34728?
24
Calculate the greatest common divisor of 92 and 92.
92
Calculate the highest common divisor of 752 and 16.
16
Calculate the highest common divisor of 782 and 17.
17
What is the highest common divisor of 1782 and 88?
22
Calculate the highest common factor of 42 and 6.
6
What is the highest common factor of 29 and 174?
29
Calculate the highest common divisor of 12 and 16572.
12
What is the highest common divisor of 210 and 1267?
7
What is the highest common factor of 102 and 238?
34
Calculate the highest common divisor of 193 and 5211.
193
What is the greatest common factor of 16 and 24?
8
Calculate the greatest common divisor of 215 and 5.
5
What is the greatest common divisor of 130152 and 8?
8
What is the greatest common divisor of 23 and 10741?
23
What is the greatest common factor of 2363 and 51?
17
What is the greatest common factor of 1579 and 1?
1
What is the greatest common divisor of 37 and 2?
1
Calculate the greatest common factor of 1919 and 202.
101
What is the highest common divisor of 7 and 896?
7
What is the greatest common divisor of 136 and 340?
68
Calculate the highest common divisor of 2996 and 168.
28
Calculate the highest common factor of 988 and 304.
76
Calculate the greatest common factor of 2427 and 15.
3
Calculate the greatest common factor of 1633 and 391.
23
Calculate the highest common factor of 21 and 9.
3
Calculate the greatest common factor of 260 and 4030.
130
What is the greatest common factor of 39 and 182?
13
What is the greatest common factor of 195 and 2405?
65
What is the highest common factor of 287 and 14?
7
What is the greatest common factor of 8554 and 52?
26
Calculate the greatest common factor of 20 and 500.
20
Calculate the highest common divisor of 12978 and 126.
126
What is the highest common factor of 1819 and 136?
17
Calculate the greatest common divisor of 70 and 370.
10
What is the highest common factor of 1272 and 477?
159
Calculate the greatest common divisor of 12 and 16476.
12
Calculate the greatest common factor of 1372 and 147.
49
What is the highest common factor of 16233 and 21?
21
What is the greatest common factor of 63818 and 68?
34
Calculate the highest common factor of 4485 and 299.
299
What is the highest common factor of 549 and 1575?
9
Calculate the greatest common factor of 150 and 12.
6
Calculate the greatest common factor of 3723 and 876.
219
Calculate the greatest common factor of 3440 and 8.
8
Calculate the highest common divisor of 143 and 11.
11
What is the highest common divisor of 12 and 6102?
6
Calculate the highest common factor of 24 and 411.
3
Wha